+ 38. What is the units digit of d?
4
Suppose 0 = -3*q + 2*q + 8. Suppose -u + q = -p + 3*u, -2*u + 46 = -4*p. Let l = p - -55. What is the units digit of l?
3
What is the tens digit of 1/(-8) - 261420/(-96)?
2
Let y = 3047 - 1597. Suppose y = -0*r + 5*r. What is the tens digit of r/8 - 6/(-8)?
3
Let j = -40 - -85. What is the tens digit of j?
4
Let l(a) = -a + 8. Let u be l(8). Suppose u = 4*o - 20 - 56. What is the units digit of o?
9
Suppose -25106 - 5145 = -13*t. What is the tens digit of t?
2
Suppose -1281*m + 3300 = -1277*m. What is the hundreds digit of m?
8
Suppose 3*t - 9 = -2*x - x, x + 17 = 3*t. Suppose -9 = t*u - 24. Suppose -c - c + u*b = -52, -4*b = c - 4. What is the tens digit of c?
2
Let p(z) = 2*z**2 + 2*z + 10. What is the tens digit of p(-5)?
5
Let i be (-8)/(-32) + (-30)/(-8). Suppose -o - 2*o - 47 = -2*k, 5*k + 55 = -i*o. What is the tens digit of 4/20 - 432/o?
2
Let g be -4*(-1 + 27/(-12)). Let a = g + -15. Let f = 5 + a. What is the units digit of f?
3
Suppose -2*w + 2 = 0, 4*o - 5*w + 966 - 5045 = 0. What is the tens digit of o?
2
Suppose 2*q = -5*b - 6, -3*q = 2*b + b. Let p(h) = -2*h**2 - 4*h - 5. Let z(s) = s + 1. Let y(v) = -p(v) - 6*z(v). What is the units digit of y(b)?
1
Let v be 12/(-4)*2/(-3). Let w be 0/2 - 9/(-3). Suppose -16 = -l - 4*s, -16 = -l + w*s + v*s. What is the tens digit of l?
1
Let m = -33 + 94. What is the units digit of m - 7 - 6/2?
1
Suppose -27*x = -34*x + 2212. What is the units digit of x?
6
Let d(p) be the first derivative of -p**4/4 + 2*p**3/3 + p**2 + 8*p + 21. What is the tens digit of d(-4)?
9
Let p(o) = -o**3 + 7*o**2 - 8*o + 14. Let j be p(6). Let z = 38 + j. What is the tens digit of z?
4
Let q = -512 - -543. What is the units digit of q?
1
Let d(x) = 18*x**3 + 4*x + 4. Let a be d(-1). Let p(l) = l**3 + 20*l**2 + 28*l + 40. What is the hundreds digit of p(a)?
1
Suppose -3*o + 23 = -2*f, 3*o - 4*o + 3*f = -17. Suppose 3*c = -8*j + 3*j + 170, 130 = o*j - 5*c. Suppose -j = -5*r + 109. What is the tens digit of r?
2
Let b be 12/8*20/6. Let q be (9*b/15)/1. Suppose 0 = -4*n - 2*t + 48, -q*t - 8 = 4*n - 6*n. What is the tens digit of n?
1
Let s(p) = -p**2 + 11*p + 26. Let a be s(13). Suppose a = -8*r + 1677 - 485. What is the tens digit of r?
4
What is the units digit of (-13712)/(-18) - 8/(-36)?
2
Suppose 0 = 5*z - 10*z + 3*d + 3791, -748 = -z + 4*d. What is the units digit of z?
0
What is the tens digit of -7 - (1 + 4)*-419?
8
Let x(t) = -2*t + 26. Let a be x(11). Suppose 2*l = 3*i + 5*l - 24, -2*i - a*l = -16. What is the units digit of i?
8
Suppose 0 = 2*g, -2*n = -0*g + 4*g - 8. Suppose -5*l + 4*q = -186, n*l - 116 = -0*q - 5*q. What is the tens digit of l?
3
Suppose 0*d = 2*d + 4*v - 20, 4*d + v = 12. Suppose 16 = u + 3*u - 2*s, -8 = -d*u + 4*s. What is the units digit of u?
4
Suppose -5602 - 2966 = -24*i. What is the hundreds digit of i?
3
Let b(u) = -236*u + 95. What is the tens digit of b(-2)?
6
Let f = 53 + -51. What is the hundreds digit of 0 - (2 - f) - -109?
1
Suppose 2*p = -3*h + 8688, -11*p = -13*p - h + 8680. What is the thousands digit of p?
4
Let p(u) = -u**2 - u + 33. Let m be p(-6). Let j be -1 + (0 + 0 - -1). Suppose -m = 3*a + 3*l - l, -4*l - 12 = j. What is the units digit of a?
1
Suppose -4*m = -0*m - 1112. Let u = -91 + m. What is the hundreds digit of u?
1
Suppose 9*c - 4*c + 5*g - 8045 = 0, 0 = -3*g + 3. What is the hundreds digit of c?
6
Let r(n) = -3*n + 20. Let x be r(6). Suppose -x*b + 56 = -f + 4*f, -f + 21 = 3*b. What is the tens digit of f?
1
Let o(d) = d**3 + 9*d**2 + 2*d + 4. Let v be o(-8). Let k = 150 - v. What is the units digit of k?
8
Suppose 0 = -0*o + 2*o - 6. Suppose -s - 13 = -3*i, -3*s = o*i + s - 23. Suppose c - 10 = i. What is the units digit of c?
5
Let i = -174 - -255. Let s = i + -53. What is the tens digit of s?
2
Let h(z) = z**3 + 9*z**2 - 3*z + 2. Let k(c) = 14*c - 6. Let d be k(-7). Let g be 2/(-6) - d/(-12). What is the units digit of h(g)?
9
Let b = 101 - -52. What is the tens digit of b?
5
Let y be (2/(-5))/((-1)/5). Let r(p) = -p**3 + 8*p**2 - p + 9. Let j be r(8). Suppose y = w - j. What is the units digit of w?
3
Let j = 1521 + -642. What is the units digit of j?
9
Suppose 30 = -24*n + 19*n. What is the tens digit of ((-198)/4 - n/12)/(-1)?
4
Let x = -673 + 915. What is the units digit of x?
2
Suppose -k = -3*h - 4, 5*k = -h + 6*h + 10. Let o = 34 + k. What is the units digit of o?
5
Let f(r) = 2*r**2 + 12*r + 42. Let n = 6 - 17. What is the units digit of f(n)?
2
Let j = -790 + 1143. What is the units digit of j?
3
Suppose 2*u - 2*p = -p + 291, -5*u + 732 = -p. Suppose -4*y + u + 17 = 0. What is the units digit of y?
1
Let s be -4 - -19 - (4 - 3). Let h(q) = q**2 - 13*q - 2. What is the tens digit of h(s)?
1
Suppose -4*q + 7*a - 8*a + 6421 = 0, q - 1579 = 5*a. What is the tens digit of q?
0
Let d = -1436 + 2143. What is the tens digit of d?
0
Let k = 29 - 26. Let j(c) = 11*c**2 + c + 6. What is the tens digit of j(k)?
0
Let d(r) = -5*r + 53 + 46 - r + 3*r. What is the units digit of d(0)?
9
Suppose -12*k - 15*k + 13959 = 0. What is the hundreds digit of k?
5
Let m(d) = -2*d + 24. Let s = 21 - 11. What is the units digit of m(s)?
4
What is the hundreds digit of -3 + (-28968)/(-18) - 6/(-9)?
6
Suppose q - 2*f = 2*q + 28, 5*q = 4*f - 70. Let l = q - -191. What is the units digit of l?
3
Let u(a) = a**2 + 46*a + 57. What is the units digit of u(-46)?
7
Let i = 2410 + -2247. What is the hundreds digit of i?
1
What is the hundreds digit of 0 - (0 + 194/(-2))*2?
1
Let a be 1/(-4) + (68/16 - -1). Suppose 412 = 3*w - a*r, 3*r - r = w - 139. What is the hundreds digit of w?
1
Let h be (-66)/(-16)*2 - (-3)/(-12). Let s = h - -8. What is the tens digit of s?
1
Suppose 4*c - 88 = -2*y, -3*y + 3*c + 137 - 5 = 0. Let p(f) = -f**3 + 9*f**2 + 2*f - 15. Let x be p(7). Let m = x - y. What is the tens digit of m?
5
Let z(u) = -u**3 + 7*u**2 + 6*u + 4. Let s be z(8). Let k be 3/(9/s)*-1. Suppose k*y - 30 = -y. What is the units digit of y?
6
Let g be (1 + 1*12/(-8))*4. Let y(s) = -5*s - 8. What is the units digit of y(g)?
2
Suppose -n - z = n - 11, 2*n - 16 = -2*z. Let y be (2 + 1 - 0)*1. Suppose -n*v = 2*p + 3*p - 56, 0 = 4*p + y*v - 46. What is the units digit of p?
0
Suppose 16 - 88 = 8*j. Let p = 21 - j. What is the tens digit of p?
3
Let u = -4 + -2. Let d(t) = t**3 + 5*t**2 - 7*t + 3. Let l be d(u). Suppose -63 = 6*o - l*o. What is the units digit of o?
1
Let l = 16 + -10. Let z be l*(0 + (-1)/(-3)). Suppose -z*y - 35 = -7*y. What is the units digit of y?
7
Suppose -4*v - 19 = -2*r + 5*r, -67 = 4*r - 3*v. Let f = 13 + r. Suppose 2*u + 3*b - 31 = 0, f*u + 4*u - b - 55 = 0. What is the units digit of u?
4
Let a(l) = 779*l**2 + 10*l - 4. What is the hundreds digit of a(-2)?
0
Suppose 3*b - 526 = 869. What is the tens digit of b?
6
What is the tens digit of (-8)/20 + 54333/45?
0
Let t be -1*(-8)/4 - 1. Let y be t + -12 + 1 + 2. What is the tens digit of (-5 + y)/((-1)/2)?
2
Suppose -3*u - 43 = 5. Let d = u - -19. Suppose 10 = -d*c + 133. What is the units digit of c?
1
Suppose -2*o = -2*p + 2*o + 3848, 0 = 3*o + 15. What is the tens digit of p?
1
Suppose 31*w - 5*j = 35*w - 6978, 5*w + 3*j - 8729 = 0. What is the thousands digit of w?
1
Let w(n) = 17*n - 13. Let d be w(19). Suppose d = 3*v - 68. What is the tens digit of v?
2
What is the tens digit of 2/(-22) + 768/704 - -5512?
1
Suppose -2 - 4 = 3*l. What is the units digit of 15 + 1 + -6 + l*1?
8
What is the tens digit of 6/12*-2 - -1249 - 7?
4
Suppose -3*l + 294 = 3*j, -3*l + 181 + 141 = -4*j. Suppose -4*s = -142 - l. What is the tens digit of s?
6
Suppose 0*d + 4*d = 2512. Let u be 12/(-8)*d/(-6). Let v = u + -94. What is the units digit of v?
3
What is the units digit of (4221/14)/9*(9 + -1)?
8
Suppose -3*w + 9 = -0*w. Suppose -h + 3*k = -3*h + 29, -h = w*k - 7. What is the units digit of h?
2
Suppose 0*z = z - 3. Suppose -3*h = 2*h - 3*q - 108, 0 = -2*h + z*q + 45. What is the tens digit of h?
2
Let z be 0/(-3) + (-9)/(-3). Let i be 28 + (-16)/(1 + z). Suppose -34 = -s + i. What is the units digit of s?
8
Suppose 496 = -3*a + 1681. What is the tens digit of a?
9
Suppose -g + 6*g - 5*a - 20 = 0, 2*g - a - 3 = 0. Let h = 3 + g. Suppose -98 = -4*k - h*q, 2*q = 4*k - 2*k - 58. What is the 